se 174*d + 78 = 180*d. What is the greatest common factor of 1664 and d?
13
Let q be (1/2)/((-9)/6 + 1). Let n = q - -21. Calculate the greatest common divisor of n and 140.
20
Let m(a) = -38*a - 57. Let y be m(-3). What is the greatest common divisor of 285 and y?
57
Let b(z) = 9*z + 5. Let u be b(19). Let i be 4/(-2) - -1 - (3 + -20). What is the greatest common factor of i and u?
16
Let x be (4/(-20) - (-34)/20)*2. Suppose 0*h - 4*h = -x*b + 687, h - 897 = -4*b. Calculate the highest common divisor of b and 25.
25
Let o be 79*(6 + 30)/4. What is the highest common factor of 9 and o?
9
Suppose -j = j - 4*c - 114, -32 = -j - 3*c. Suppose -j*k = -43*k - 16. What is the highest common factor of 3 and k?
1
Let q(b) = 9*b**2 - 3*b - 2. Let g be q(-1). Calculate the greatest common divisor of g and 1010.
10
Suppose -5*a + 755 = -895. Suppose -4*v + 5*u + 145 = -0*v, -65 = -2*v + u. What is the greatest common factor of v and a?
30
Let d = 39 - 9. Suppose 2*s - 22 = -6. Suppose -6*w - s + 68 = 0. Calculate the highest common factor of w and d.
10
Let n = 0 - 11. Let w = n - -9. Let q be (-4)/(w*4/20). What is the greatest common divisor of q and 90?
10
Suppose 4*q - 135 = -4*h + 1773, 0 = 3*h + 4*q - 1433. Calculate the greatest common divisor of h and 285.
95
Suppose 2*o - n = -2*n + 29, 31 = 3*o - n. Let i be 111/2 + 6/o. What is the highest common factor of 42 and i?
14
Suppose -1274 = 18*t - 25*t. What is the highest common divisor of t and 14?
14
Let i(x) = x**2 - 12*x - 24. Let r be i(14). What is the highest common divisor of 20 and r?
4
Let t be ((-84)/(-35))/(30/200). Let a(x) = -33*x - 1. Let d be a(-1). What is the highest common factor of d and t?
16
Suppose -60 = 134*c - 149*c. Calculate the highest common factor of c and 10.
2
Let w be ((-28)/(-42) - 4262/(-6)) + 2. What is the greatest common factor of 31 and w?
31
Let i = 1929 - 1635. Calculate the greatest common divisor of i and 12.
6
Let b(m) = m**2 + 5*m + 20. Let j be b(-4). Let z = -1 + 0. Let y be 2 - z - (0 - -1). Calculate the highest common factor of y and j.
2
Suppose 0 = -5*t - 2*r + 234, 144*t - r - 208 = 140*t. Let x(m) = -258*m**2. Let s be x(-1). Let g = s - -383. What is the greatest common divisor of g and t?
25
Suppose -3*z + 41 = 3*i - i, z - 43 = -2*i. What is the highest common factor of i and 198?
22
Let g be (-163)/(-4) + (147/28 - 6). Suppose 0*o = o - g. Calculate the greatest common factor of o and 20.
20
Let c be (-56)/6*1008/(-196). What is the highest common divisor of c and 88?
8
Suppose 5*a + d - 3*d = 485, 3*d = -4*a + 365. What is the highest common divisor of a and 57?
19
Let k be ((-81)/(-12))/(-3)*48/(-2). What is the highest common divisor of 12 and k?
6
Suppose 4*s + 2*v = 498, -2*v + 3*v = 3*s - 381. Calculate the highest common factor of 70 and s.
14
Suppose -2*b + 3*l + 5864 = 6*l, 3*l - 2935 = -b. What is the greatest common factor of 101 and b?
101
Suppose k + 2*k + 17 = -w, 13 = -3*k + w. Let s be (-1)/2*11*(k - 1). Calculate the greatest common divisor of 11 and s.
11
Let r = 979 - 937. Calculate the greatest common factor of 72 and r.
6
Suppose 2*x = 35 + 25. Let o be 0 - (8 + -4 - x). Calculate the highest common divisor of 117 and o.
13
Let m = -38 + 81. Suppose -2*k + 596 = 2*d - 0*d, 5*k = d + 1508. What is the greatest common factor of m and k?
43
Suppose 289 + 278 = 9*z. Let x = z - 37. Calculate the greatest common divisor of x and 52.
26
Let l(w) = 3*w - 71. Let f be l(56). What is the highest common factor of 1843 and f?
97
Suppose -q + 4*q = 66. Let z be (q/(-6) + (-14)/42)*-6. Calculate the highest common divisor of z and 36.
12
Suppose -9*n + 437 + 967 = 0. What is the greatest common factor of 12 and n?
12
Let k = -2555 - -2741. What is the highest common factor of k and 496?
62
Suppose -5*i - 4*x - 108 = -2997, -2*x = 8. Calculate the greatest common divisor of 249 and i.
83
Let p(t) = -5*t**3 - 30*t**2 - 6*t - 20. Let i be p(-6). What is the greatest common divisor of 568 and i?
8
Let q = -411 + 414. Suppose 0 = -2*k - 3*k + 20. Suppose 2*t = k*m + 3*t - 91, 5*m = 2*t + 130. What is the greatest common factor of m and q?
3
Suppose 48 = y + 2*y. Let h = 79 + -68. Suppose h*s - 6*s - 160 = 0. Calculate the highest common divisor of s and y.
16
Let v(j) = 2*j**2 - 15*j - 4. Let l be v(8). Suppose -l*h - 5*d + 202 = 0, -5*d - 11 = -3*h + 123. Calculate the highest common factor of 60 and h.
12
Let n be 2/15 + 3 + (-1144)/(-195). What is the greatest common divisor of n and 63?
9
Suppose 0 = -51*w + 41*w + 1700. Calculate the greatest common factor of w and 10.
10
Let s = 10 - 11. Let l(a) = -a**3 - a**2 + 3*a + 2. Let q be l(s). Let r be -2*q/4*4. What is the highest common factor of r and 5?
1
Suppose 0*x + q + 358 = 3*x, -5*q = 5. Let c(n) = n**2 + 10*n + 34. Let i be c(-10). What is the greatest common divisor of i and x?
17
Let y be 207/11 - (-20)/110. Calculate the highest common factor of 209 and y.
19
Let h = -237 + 255. What is the highest common factor of h and 36?
18
Let c = 3442 + 126. Let y be c/18 + 2/(-9). What is the highest common factor of y and 18?
18
Suppose -4*z = -2*q - 8, -1 = -3*z + 5*q - 2. Suppose 3*o - 4*r = 147 + 97, z*o - 3*r - 249 = 0. What is the highest common factor of o and 11?
11
Suppose f - 61 + 6 = 0. Let z be (f + 0)/((-14)/(-14)). What is the greatest common factor of z and 5?
5
Let b(h) = 5 - 2 + 0*h + 3 - 12*h. Let y be b(-5). Calculate the greatest common factor of y and 6.
6
Let r be 279/(-12)*(8 + -4)*-4. Calculate the highest common divisor of 93 and r.
93
Suppose -16 - 4 = 4*s, 3*s = -n - 6. Suppose -14*w + 25 = -n*w. Suppose 2*f - 60 = 3*u - w*u, -15 = 3*f. What is the highest common divisor of 7 and u?
7
Let q(a) = a**3 + 2*a**2 - 5*a - 1. Let f be q(4). What is the greatest common divisor of 3 and f?
3
Suppose 5 = 5*d - 3*z, -d + 5 + 9 = 2*z. Let k(p) = -p**2 - 2*p + 49. Let b be k(0). Suppose b + 31 = d*g. Calculate the highest common divisor of g and 30.
10
Let o = 1 - -25. Let j be (-13)/o + (-394)/(-4). Calculate the highest common factor of j and 14.
14
Suppose 3134 - 740 = 19*b. What is the greatest common divisor of 266 and b?
14
Let s be (70/(-42))/(0 - 3/63). Calculate the greatest common divisor of 1085 and s.
35
Suppose -8*d + d = 0. Suppose -2*l + 14 = m, -l + d*l - 17 = -m. Calculate the greatest common factor of m and 48.
16
Suppose 0 = 5*o - 2*u - 0*u - 697, 0 = 2*o - u - 279. Suppose 49 = -3*y + o. What is the highest common divisor of 15 and y?
15
Let y(j) = 4*j**2 + 4*j - 2. Let v be y(-4). Suppose -v - 22 = -4*h. Calculate the greatest common divisor of h and 187.
17
Let p = -1965 - -1981. Let h = 20 + -36. Let r = 24 - h. Calculate the greatest common factor of r and p.
8
Let w = 51 - 52. Let c = 15 + w. What is the greatest common factor of 56 and c?
14
Suppose -63 = -6*x - 3. Let c = 115 - x. Let v = 45 - 30. Calculate the highest common factor of v and c.
15
Let n = 9 - 7. Suppose -n*l = s - 7*l - 55, 2*s - 85 = 5*l. Let f = 20 - 8. Calculate the highest common divisor of f and s.
6
Suppose -2*o + 4 = -i - 1, 0 = 5*i + 5. Let s be 1/(o + 3/(-3)). Suppose -5*g = -3*q + 162, q - g = 55 - s. What is the highest common divisor of q and 6?
6
Let a(h) = -h + 5. Let k be 112/12 - 1/3. Let s = 13 - k. Let m be a(s). Calculate the greatest common factor of 1 and m.
1
Let p be (-2 + 1)/((-2)/34). Suppose 0 = 4*n + 3*s - 381 - 240, 4*s - 471 = -3*n. Calculate the highest common factor of n and p.
17
Suppose 9*t - 162 = -18*t. Suppose -3*g - 5*a + 31 = -18, a + 1 = 0. What is the greatest common divisor of t and g?
6
Suppose -3 = 6*q - 33. Suppose 4 = q*k - 6. Suppose 0 = -i - 2*b + 70, k*i - 2*b = 3*b + 149. What is the highest common divisor of i and 18?
18
Suppose 7*o - 1183 = -5*w + 10*o, w + 3*o = 233. Calculate the highest common factor of w and 59.
59
Let t be 31 + 2 + -2 - 1. Suppose t = -8*q + 3*q. Let w be (3 + 5)*q/(-4). What is the highest common divisor of w and 12?
12
Suppose 2*r - 28*i + 25*i - 290 = 0, 156 = r + 4*i. Calculate the greatest common factor of 16 and r.
4
Let z(o) = o**3 - 5*o**2 - 7*o + 14. Let v be z(9). What is the highest common factor of v and 220?
55
Let l = 119 - 75. Calculate the greatest common factor of 44 and l.
44
Suppose 